uppose -l*b = 3*w + 722, -3*b - 381 = -3*w + 57. Let p = -103 - b. Calculate the greatest common divisor of 6 and p.
6
Suppose 0 = f - 3*k - 4, -25*k + 23*k + 2 = 0. Calculate the greatest common divisor of 49 and f.
7
Let o be -2*2/2 - -30. Let y(t) = t**3 + 6*t**2 - 8*t + 7. Let w(g) = g - 4. Let b be w(-3). Let r be y(b). Calculate the highest common divisor of r and o.
14
Suppose -129*y + 126*y + 117 = 0. Calculate the greatest common factor of y and 13.
13
Let w(z) = z**3 - 5*z**2 + 2*z - 6. Let u be w(5). Let p(j) = -28 + 16*j - 24 + j**2 + 60. Let f be p(-16). Calculate the greatest common divisor of f and u.
4
Let q(h) = 7*h**2 + 2*h + 3. Let v be q(-3). Let s = -448 + 450. Suppose -z + 5*z = s*k + v, -45 = -3*z + 3*k. Calculate the greatest common divisor of z and 6.
3
Let y = -588 + 979. What is the greatest common divisor of y and 23?
23
Let s(p) = -11*p + 4*p - 3*p + 11*p + 66. Let a be s(15). What is the highest common divisor of a and 108?
27
Let y be (-14)/(-4) + 5/10. Suppose 2*s = -y, -4*r + 3*s - s = -88. Calculate the greatest common divisor of 21 and r.
21
Let m be 5/(-2)*166/(-415). What is the highest common factor of 11 and m?
1
Suppose 0 = d - 2*v + 7, 2*d + 5*v = 2*v - 42. Let l be (0 + (-4)/6)*d. Let i be ((-8)/6)/((-4)/90). What is the highest common divisor of l and i?
10
Let d = 1153 + -955. Calculate the highest common factor of 154 and d.
22
Suppose -25*v = -28*v - 21. Let b be (2 - 8)/(5 + v). Let l be b/(9/12) - 1. Calculate the highest common divisor of l and 3.
3
Suppose 2520 = 312*s - 305*s. What is the highest common divisor of s and 630?
90
Let p be (-49)/((-4)/6 - 11/33). What is the highest common divisor of p and 539?
49
Let w = -1010 + 1094. Calculate the highest common divisor of 432 and w.
12
Let c = -164 + 185. Let g(d) = -20*d + 7. Let j be g(-7). Calculate the greatest common divisor of c and j.
21
Let q(n) = 23*n + 4. Let g be q(12). Suppose 0 = -5*a + y + 677, -a + 5*y = a - g. Calculate the highest common factor of 27 and a.
27
Let h be (52/(-3))/(5 + (-47)/9). Suppose 62*g - h = 60*g. What is the greatest common factor of g and 65?
13
Let s be ((-75)/6)/(1/(-8)). Suppose 0 = 21*v + 289 - 1129. What is the greatest common divisor of s and v?
20
Suppose 104*k + 120 = 112*k. Let a be (-2)/(1/5*-2). What is the greatest common factor of k and a?
5
Let z = -781 - -785. Calculate the greatest common divisor of z and 1.
1
Let p be -24*(-2 + 15/9). Suppose -5*s + 10 = -100. Let f be s - (-6)/(-9)*-3. What is the highest common divisor of p and f?
8
Let f be 76 - 41 - (3 - 0). Calculate the greatest common divisor of 8 and f.
8
Suppose 416 = 2*y + 254. Calculate the highest common divisor of y and 18.
9
Let s be (1 - 2) + (8 - 8). Suppose 4*z - 2*q = 60, -4*z + 47 = 2*q + 3. Let y = z + s. Calculate the greatest common divisor of y and 4.
4
Suppose -9*v + 100 = -7*v. What is the greatest common factor of v and 25?
25
Let d(g) = 7*g**2 - 2*g - 3. Let r be d(5). Calculate the highest common divisor of r and 216.
54
Let s(t) = -143*t + 1. Let l be s(-1). Suppose -4*r = -4*f + 8, 3*r + 4*f - 8 = r. Suppose k - 1 - 15 = r. What is the greatest common divisor of k and l?
16
Let j = -19 - -163. Let r be (12/10)/(24/60). Suppose 50 = r*d + 2*s, 0*s + 2*s = 4*d - 76. Calculate the highest common factor of j and d.
18
Let t be (30/9)/1*(-3 + 21). What is the highest common factor of t and 48?
12
Let h be (-88)/(-14) + 4/(-14). Let q = 4 + 4. Suppose 18 = -5*y + q*y. What is the greatest common factor of y and h?
6
Let t(i) = -i**3 + i + 171. Let p be t(0). Let n be 7*(6 - 5) - -12. Calculate the highest common divisor of n and p.
19
Let y = 2321 + -1733. What is the greatest common factor of 112 and y?
28
Suppose 5*t - 3*l + 9 = -0*t, 0 = -t + 2*l - 6. Suppose t*d - 14 = -2*d. Let p be (63*-2)/(11 + -13). Calculate the highest common divisor of p and d.
7
Let h be ((-8)/(-28))/(6/21). Let j be h*(4 - (-3 - -7)). Let d be j - 6/3 - -6. Calculate the greatest common factor of 2 and d.
2
Let b(f) = -3*f + 22. Let t(v) = -13*v + 88. Let n(s) = 9*b(s) - 2*t(s). Let x be n(21). What is the greatest common divisor of 5 and x?
1
Let g be 11/((-22)/(-72)) + 2. Let q = g - 28. Calculate the greatest common factor of q and 2.
2
Let c(h) = -4*h + 2*h + h - 5. Let m be c(-7). Suppose 0 = m*f + 3 - 75. Calculate the highest common divisor of 54 and f.
18
Suppose -5*i + 0*i + 2*t + 397 = 0, -t + 4 = 0. Let d be 0/(-13) + i/3. What is the greatest common factor of d and 9?
9
Let u(p) = -23*p + 286. Let g be u(7). Calculate the highest common factor of 15 and g.
5
Suppose 5*v - 2*r = 35, 2*v - 2*r = -v + 21. What is the greatest common factor of 161 and v?
7
Let g(j) = -j + 12. Let r be g(6). Let m = r - 1. Suppose 172 = m*y + 7. Calculate the greatest common factor of 11 and y.
11
Let w be (-7)/5 - 12/20. Let v be (w - 17/(-3))*12. What is the highest common factor of v and 11?
11
Suppose 0 = 11*a + 4*a + 210. Let p be (-15)/2*a/3. What is the greatest common divisor of 175 and p?
35
Suppose -990 - 42 = -4*x. Let s be 5/(10/x) - 2. Let g = s - 67. What is the greatest common factor of 20 and g?
20
Let s = -15 - -22. Suppose -s = -v - f + 2, 3*v - 5*f - 35 = 0. Let c be (-2)/(-4) + (-895)/(-10). What is the highest common divisor of v and c?
10
Suppose -558 + 234 = -3*x. Suppose -49*u = -53*u + x. Calculate the greatest common factor of u and 3.
3
Suppose -5*j = -367 - 908. Let z = j + -171. Calculate the greatest common divisor of z and 12.
12
Let t = -602 - -746. What is the highest common factor of 32 and t?
16
Let b = 2702 - 2606. What is the greatest common factor of 2352 and b?
48
Let n(o) = 339*o. Let g be n(3). What is the greatest common factor of g and 9?
9
Let a be 17 - (-6)/(24/28). Calculate the highest common factor of a and 114.
6
Let n = -145 + 181. Calculate the greatest common divisor of n and 312.
12
Suppose 3*k = -5*w + k + 2009, 0 = -3*w - 2*k + 1203. Let m = -286 + w. What is the greatest common factor of m and 13?
13
Let g = -2 + 4. Let r(s) = -2*s + 26. Let h be r(11). Let q be h - -3*3/(36/(-8)). What is the highest common divisor of g and q?
2
Let g(s) = 61*s - 1. Let y be g(1). Suppose -d = -5*t - 13, -2*d - d = -2*t. Let j be (-4)/14 - 428/56*d. What is the highest common factor of j and y?
15
Suppose 0 = 3*d + 3*p + p + 8, 3*p + 35 = 5*d. Let h be d + ((-170)/5)/(-1). Let a be -1 + 1 - (17 - h). Calculate the greatest common divisor of 3 and a.
3
Suppose -2640 = -4*i + 132. Calculate the highest common divisor of 33 and i.
33
Let a = 14 - -13. Let p(z) = -z**3 + 12*z**2 + 13*z + 3. Let h be p(13). Let d(j) = j. Let w be d(h). What is the highest common factor of w and a?
3
Suppose 87 + 87 = 6*m. Let c = m - 13. Calculate the highest common divisor of c and 24.
8
Let t(s) = -2 - 6 + 98*s - 8 - 102*s. Let p be t(-11). Suppose 5*l + 2*b - 5*b = 341, 0 = 5*l + 5*b - 365. What is the greatest common divisor of l and p?
14
Let s = 12 + 6. Let q = s - -20. Calculate the highest common divisor of q and 19.
19
Let c = 9 - 15. Let a = c - -23. Calculate the greatest common divisor of a and 187.
17
Suppose 5*q - 9 = 3*i - 2, 0 = -4*i - 5*q + 49. Suppose k - 3*y = 14, -42 = -4*k - i*y + 4*y. What is the greatest common divisor of 88 and k?
11
Suppose 6 = -j - 2*l, 13*j = 10*j + 2*l + 14. Suppose 2*x - 3*s = 1, 4*x = -3*s + 1 + 10. What is the highest common divisor of j and x?
2
Let k(l) = -l**2 - 5*l + 10. Let u be k(-8). Let d = u + 38. Let i = -14 + d. Calculate the highest common factor of 70 and i.
10
Let h = -49 - -51. Suppose 3*z + h*o = 6*z - 79, 110 = 4*z + 2*o. Let i(w) = 2*w**3 + 2*w**2 - 3*w. Let r be i(2). What is the highest common factor of z and r?
9
Let z = 32 - 20. Let x = -7 - -5. Let r be x/4*(-2 + -58). Calculate the highest common divisor of z and r.
6
Let m be (-15 + (1 - 4))*-1. Let n(x) = 6*x - 16. Let r be n(-9). Let s = -43 - r. What is the highest common divisor of s and m?
9
Let x be (3 + -5)/(-2*2/(-214)). Let m = x - -120. What is the highest common factor of 117 and m?
13
Let z be (-5 + -1)/((-20)/(1260/27)). Suppose 0 = -4*n + 176 + 272. What is the greatest common divisor of n and z?
14
Let r = -10 + 19. Let z(v) = v**3 + 7*v**2 + 5. Let n be z(-7). Suppose -n*q + 125 = 35.